6, 4 = -4*m + 4*o. Determine s(m).
-5
Let k(n) = -21 + 0 + 4*n + 31 - n**2. Give k(8).
-22
Let p(r) = -6*r + 3. Let a = 12 + -7. Suppose 3 = 4*n - v - 9, a*n + v = 6. What is p(n)?
-9
Let t be (4 - 2) + -9 + 1. Let l = t + 5. Let j(x) be the second derivative of 3*x**5/20 + x**4/6 - x**2/2 + 2*x. What is j(l)?
-2
Let d(a) = a**2 + 6*a + 7. Let o(i) = i + 1. Let q(h) = h**2 + 14*h + 14. Let t = -5 + -8. Let w be q(t). Let s(y) = w*o(y) - d(y). Determine s(-5).
-6
Let z = -3 + 3. Suppose 2*v - 4 = 2*j, -4*v + 2*v - 2 = -4*j. Suppose z = j*h - h + 2. Let x(p) = p + 1. Give x(h).
0
Let x(o) = -o**3 - 5*o**2 - 5*o - 5. Let c be x(-4). Let k(t) = 15*t**2 + 4*t + 2. Let l(m) = 7*m**2 + 2*m + 1. Let w(u) = -6*k(u) + 13*l(u). Calculate w(c).
0
Let t be (-3 - -4)*(17 + 0). Let r(q) = -3*q**3 + q**2 - 35*q + 29. Let j(i) = -i**3 - 12*i + 10. Let h(l) = t*j(l) - 6*r(l). Let m = -8 - -13. Calculate h(m).
1
Let l(g) be the second derivative of 1/3*g**3 - 10*g + 1/12*g**4 - 2*g**2 + 0. Give l(3).
11
Let i = 4 - 7. Let d(p) be the third derivative of p**5/60 + p**4/24 + p**3/2 + p**2. Determine d(i).
9
Let y(v) = -2 + 6*v + 6 - v**2 + 3 + 0*v**2. What is y(7)?
0
Let k(o) be the third derivative of -o**5/60 + o**4/12 - o**3/6 + 3*o**2. What is k(3)?
-4
Let w(a) be the second derivative of 0 + 0*a**2 - 1/3*a**4 + 1/20*a**5 - 2/3*a**3 + 2*a. Let s = 6 + -1. Determine w(s).
5
Let l(u) = u**3 + u**2 + u. Let v(q) = 7*q**3 + 9*q**2 + 3*q - 6. Let h(t) = 6*l(t) - v(t). Give h(-4).
10
Let q(r) = -r**2 + 4*r + 7. Suppose -2*m + 4 + 8 = -2*h, -18 = 5*h + m. Let g = -5 - h. Let k = 6 + g. Calculate q(k).
2
Let i(r) = -r**3 + 0*r - 3 + 0*r + 7*r + r**2 - 3*r. Give i(2).
1
Let y(r) = 5*r + 4. Let j(o) = -o - 2. Let b be j(-7). Let g(u) = -10*u - 7. Let q(x) = b*y(x) + 3*g(x). Determine q(1).
-6
Suppose -17 = v - 4*i, 0 = -4*v + i - 4 - 4. Let d(w) = 13*w**3 + w + 1. Determine d(v).
-13
Let t(z) be the third derivative of -z**5/30 + z**4/12 + z**3/3 - z**2. What is t(3)?
-10
Suppose 4*u - 4*i = -3*i + 7, -3 = -2*u + i. Suppose u = -k + 2*k. Let b(s) = 2*s**3 - 3*s**2 + 2*s - 2. What is b(k)?
6
Let p(q) = q**3 - q**2 + q + 1. Let h be p(0). Let t(x) = -2 - h - 3 - 1 - x. Determine t(-5).
-2
Let g(n) = 7*n**3 + n. Let s be g(1). Let v = 6 - s. Let k(p) = p**3 + p**2 + 2*p + 3. Give k(v).
-5
Let z(l) = -7*l - 1. Let g(p) = -p + 1. Let b(m) = 6*g(m) - z(m). Let f(h) = -h**2 - 3*h + 4. Let s be f(-4). Let w = -5 - s. What is b(w)?
2
Let j(s) be the first derivative of s**3/3 - 3*s**2 + 2*s - 3. Let v = 4 + 2. Determine j(v).
2
Suppose -2*o = -4 + 2. Let f(v) = -v**3 - v**2 + v. Let g(k) = 4*k**3 + 9*k**2 - k + 5. Let h(t) = o*g(t) + 5*f(t). What is h(5)?
0
Let b(z) = 2*z**2 + 4*z + 1. Suppose -4*q - 2*u - 1 = -7*u, -5*q = 3*u + 29. Give b(q).
17
Let o(a) be the third derivative of -a**7/2520 - a**6/180 + a**5/40 + a**4/24 + 2*a**2. Let s(z) be the second derivative of o(z). Give s(-4).
3
Suppose -g + 5*a + 8 = 0, 0*a + 3*a + 12 = 3*g. Let w(b) = b + 2. Let l(h) = 2*h + 3. Let n(c) = g*l(c) - 5*w(c). Calculate n(1).
0
Suppose 9 = 3*l, s + 2*s - 5*l = -27. Let w be -5 - (s - (-3)/3). Let u(v) = 5*v. What is u(w)?
-10
Let c(q) = -1. Let r(g) = g. Suppose -4*x = 6 + 2. Let v(i) = x*r(i) + c(i). Determine v(-1).
1
Suppose -5*h - 33 = -8, -3*p + h = -17. Let y(u) = -u + p*u - 4*u + 1. Calculate y(-3).
4
Let q(c) = 8*c**2 - 4*c + 9. Let n(j) = -3*j**2 + j - 3. Let l(a) = 11*n(a) + 4*q(a). Let d(b) = -b - 10. Let z be d(-6). Calculate l(z).
7
Let t(j) = 5*j**3 - 2*j**2 - j - 2. Let o be (-7 - (-8 + (3 - -1))) + 5. Determine t(o).
28
Let f = 20 - 7. Let j = -14 + 18. Suppose j*h - 7 = f. Let g(u) = u - 1. Calculate g(h).
4
Let l(a) be the third derivative of a**6/40 + 27*a**2. Determine l(1).
3
Let k(r) = -r**3 - 7*r**2 - 2*r - 3. Let v(i) = 3 + 3 - 5 + i. Let m(f) = -k(f) + 6*v(f). Give m(-6).
-3
Let a(p) = p**3 - 4*p**2 - 3*p - 1. Suppose -2*i + 5*u + 43 = 0, -2*u + u - 47 = -2*i. Let t be -3 - (-3)/(9/i). Give a(t).
9
Let y(p) = 9 + 7*p - 1 - 7. What is y(-1)?
-6
Let t(b) = b**2 + 4*b - 3*b + b**3 - 2*b**2 + 3. Let d be 4/18 + (-2)/9. Suppose 0 = y - c, -2*y - y + 5*c = d. Calculate t(y).
3
Let q = 0 + 5. Let m(t) be the second derivative of t**7/2520 - t**6/180 + t**5/120 - 3*t**4/4 + 4*t. Let i(v) be the third derivative of m(v). Determine i(q).
6
Let o(l) = -l**3 - 6*l**2 - 3*l + 2. Let y(z) = -2*z + 3. Let m be y(4). Determine o(m).
-8
Let u = -8 - -16. Let s be 20/u - (-3)/(-6). Let a(k) = -k - 1 - 4*k**2 + 4*k**2 + 2*k - s*k**2. What is a(1)?
-2
Let z(n) be the first derivative of 3*n**2/2 - n - 4. Suppose 5*k - 2 = 3*k. Calculate z(k).
2
Let x(o) be the second derivative of o**5/20 - o**4/4 + o**3/6 - 3*o**2/2 + 2*o + 10. Let g(r) = -r**3 + 5*r**2 - 4*r + 3. Let y be g(4). Give x(y).
0
Let f(a) = -a**3 + 4*a + 2*a - 6*a**2 - 2 - a + a. Let c be f(-7). Let q(l) be the second derivative of -l**5/20 + l**4/3 + 2*l**3/3 + 3*l**2 - l. What is q(c)?
1
Let y(d) = -3*d**2 - 6*d - 3. Let g = 6 + -4. Let h(x) = -2*x**2 - 3 - 7*x + 1 - 1 + g*x. Let b(s) = -4*h(s) + 3*y(s). Determine b(-2).
-5
Let n(h) = -7*h**2 + 2*h**2 + 2*h**2 + 4*h**2 - 1. Suppose -5*l + 10 = 5*i, -3*l = -5*l + 8. Give n(i).
3
Let b(k) be the first derivative of -k**3/3 - k + 1. Let m(q) be the first derivative of b(q). Determine m(4).
-8
Suppose -23 = -t + 5*x, 2*t - 1 - 6 = -3*x. Suppose -q - t = -2*s + 3*q, -3*q = -s + 5. Let p(v) = v + 2. Give p(s).
4
Let v(d) = -3 - d - 4*d**2 + 1 + 3*d**2. Suppose -4*h - 3*o = -10, 2*o - 4 - 12 = -5*h. Let w(k) = -k + 2. Let m be w(h). Calculate v(m).
-4
Suppose 4*l = -5*d + 17, 3*l + 25 = 3*d - 2*l. Let b(t) = -t**3 + 6*t**2 - 7*t. Determine b(d).
-10
Suppose 3*g - 4*g + 3 = 0. Let y(t) be the third derivative of 1/12*t**4 + 0 + 0*t - t**2 - 1/3*t**3. Calculate y(g).
4
Let d(k) = -k**2 + 7*k - 1. Let t(s) = 1 + 8*s - 1 + 0 - 2*s**2 - 1. Let o(u) = -3*d(u) + 2*t(u). What is o(-4)?
5
Let d(q) = q**2 - 10*q - 3. Suppose -4*w - 5*f + 7 + 8 = 0, -2*w - 4*f = 0. Give d(w).
-3
Let i(l) = -6*l - 8. Suppose -3*q = -2*q - 5. Let w(b) = -7*b - 9. Let f(c) = q*w(c) - 6*i(c). Determine f(3).
6
Let f = -221 - -218. Let w(b) be the first derivative of -b**3/3 - 2*b**2 - 2*b + 1. Give w(f).
1
Let p(m) = -m**3 - 5*m**2 + 14*m. Let z be p(-7). Suppose z = 5*b - 7 - 3. Let g(y) = y**2 + 2*y - 3. Give g(b).
5
Let v(f) = f + 12. Let w(r) = -5*r - 62. Let o(m) = -11*v(m) - 2*w(m). What is o(-11)?
3
Suppose 2*g = 18 + 6. Suppose -l = 3*p - p - g, -4*p + 16 = 0. Let b(m) = -m**3 + 3*m**2 + 2*m + 3. Calculate b(l).
-5
Let u be 88/16 - 1/2. Let m(a) = -29 - u*a + 10*a + 8. Let n(y) = -y + 4. Let l(k) = -4*m(k) - 22*n(k). Give l(3).
2
Let g(c) = -c**3 + 4*c**2 + c + 2. Let a(v) = -v**3 + 6*v**2 - 6*v + 7. Let w be a(5). Suppose 15 = 5*h + 2*b + 3*b, -3*h + w*b = -14. Let m = 0 + h. Give g(m).
6
Let f(j) = -j + 6. Suppose 5*k + 2*r - 7 = 4*r, -3*k - 4*r + 25 = 0. Let o be f(k). Let h(m) = -5*m - o + 2*m - m**2 + m. Determine h(-3).
-6
Let u(y) be the second derivative of y**7/420 + y**5/120 + y**3/2 + y. Let v(p) be the second derivative of u(p). Determine v(-1).
-3
Let q(x) = 0 + 4 + x - 2. Let u = 47 + -49. Determine q(u).
0
Suppose -1 = -3*m + 11. Suppose -5*g + 0*d - 37 = m*d, g - 2*d = 1. Let s(y) = -y**2 - 5*y - 5. Determine s(g).
-5
Let o(k) = -k + 3. Suppose 0 = 3*g - 9*g + 30. Give o(g).
-2
Suppose -5*s + 10*s = 2315. Let k(m) = 463*m - m**3 - s*m. Calculate k(0).
0
Suppose 4*f = 6*f + 4. Let v = f - -10. Suppose 6*y = 4*y + v. Let a(b) = -b**3 + 3*b**2 + 4*b + 4. Calculate a(y).
4
Let h(b) be the second derivative of 1/3*b**4 + 0 + 1/20*b**5 + 0*b**3 + 4*b - 1/2*b**2. Let u be (5 - 3) + -1 + -5. What is h(u)?
-1
Let m = 68 - 46. Suppose m = -3*f - 2*s + 5, s - 24 = 5*f. Let g(x) = x**3 + 4*x**2 - 3*x + 6. Let l(z) = z - 1. Let u(p) = -g(p) + l(p). Calculate u(f).
-2
Let a = -21 + 24. Let t(d) = -5*d**a + 3*d + 6*d**3 + 2*d**2 + 7 + 3*d**2 + d**2. Calculate t(-6).
-11
Let n(s) = -2*s - 5. Let v(o) = -3*o - 11. Let w(u) = 13*n(u) - 6*v(u). Calculate w(1).
-7
Let d(g) = -4*g + 6 + 0 + 5*g. Suppose 2*p + 4 = -2*i, -2*i + 5*p = -3*i + 14. Determine d(i).
0
Let u = 43/78 - 2/39. Let y(k) be the second derivative of 7/20*k**5 + 1/12*k**4 - u*k**2 + 0 + 0*k**3 + 2*k. What is y(1)?
7
Let h(d) = -d +